{"id":214,"date":"2026-03-17T17:44:27","date_gmt":"2026-03-17T17:44:27","guid":{"rendered":"https:\/\/anagarcian.es\/?page_id=214"},"modified":"2026-03-17T17:48:17","modified_gmt":"2026-03-17T17:48:17","slug":"blog","status":"publish","type":"page","link":"https:\/\/anagarcian.es\/?page_id=214","title":{"rendered":"Blog"},"content":{"rendered":"\t\t<div data-elementor-type=\"wp-page\" data-elementor-id=\"214\" class=\"elementor elementor-214\" data-elementor-post-type=\"page\">\n\t\t\t\t<div class=\"elementor-element elementor-element-5a5adf7 e-flex e-con-boxed e-con e-parent\" data-id=\"5a5adf7\" data-element_type=\"container\" data-e-type=\"container\">\n\t\t\t\t\t<div class=\"e-con-inner\">\n\t\t\t\t<div class=\"elementor-element elementor-element-3e69c3e elementor-grid-2 elementor-grid-tablet-2 elementor-grid-mobile-1 elementor-posts--thumbnail-top elementor-widget elementor-widget-posts\" data-id=\"3e69c3e\" data-element_type=\"widget\" data-e-type=\"widget\" data-settings=\"{&quot;classic_columns&quot;:&quot;2&quot;,&quot;classic_row_gap&quot;:{&quot;unit&quot;:&quot;px&quot;,&quot;size&quot;:37,&quot;sizes&quot;:[]},&quot;classic_columns_tablet&quot;:&quot;2&quot;,&quot;classic_columns_mobile&quot;:&quot;1&quot;,&quot;classic_row_gap_tablet&quot;:{&quot;unit&quot;:&quot;px&quot;,&quot;size&quot;:&quot;&quot;,&quot;sizes&quot;:[]},&quot;classic_row_gap_mobile&quot;:{&quot;unit&quot;:&quot;px&quot;,&quot;size&quot;:&quot;&quot;,&quot;sizes&quot;:[]}}\" data-widget_type=\"posts.classic\">\n\t\t\t\t<div class=\"elementor-widget-container\">\n\t\t\t\t\t\t\t<div class=\"elementor-posts-container elementor-posts elementor-posts--skin-classic elementor-grid\" role=\"list\">\n\t\t\t\t<article class=\"elementor-post elementor-grid-item post-224 post type-post status-publish format-standard has-post-thumbnail hentry category-uncategorized\" role=\"listitem\">\n\t\t\t\t<a class=\"elementor-post__thumbnail__link\" href=\"https:\/\/anagarcian.es\/?p=224\" tabindex=\"-1\" >\n\t\t\t<div class=\"elementor-post__thumbnail\"><img fetchpriority=\"high\" decoding=\"async\" width=\"800\" height=\"765\" src=\"https:\/\/anagarcian.es\/wp-content\/uploads\/2026\/03\/business-commercial-corporate-development-concept-1024x979.jpg\" class=\"attachment-large size-large wp-image-225\" alt=\"\" srcset=\"https:\/\/anagarcian.es\/wp-content\/uploads\/2026\/03\/business-commercial-corporate-development-concept-1024x979.jpg 1024w, https:\/\/anagarcian.es\/wp-content\/uploads\/2026\/03\/business-commercial-corporate-development-concept-300x287.jpg 300w, https:\/\/anagarcian.es\/wp-content\/uploads\/2026\/03\/business-commercial-corporate-development-concept-768x734.jpg 768w, https:\/\/anagarcian.es\/wp-content\/uploads\/2026\/03\/business-commercial-corporate-development-concept-1536x1468.jpg 1536w, https:\/\/anagarcian.es\/wp-content\/uploads\/2026\/03\/business-commercial-corporate-development-concept-2048x1957.jpg 2048w\" sizes=\"(max-width: 800px) 100vw, 800px\" \/><\/div>\n\t\t<\/a>\n\t\t\t\t<div class=\"elementor-post__text\">\n\t\t\t\t<h3 class=\"elementor-post__title\">\n\t\t\t<a href=\"https:\/\/anagarcian.es\/?p=224\" >\n\t\t\t\tEl Futuro del Comercio Local: SEO y Geo en Sevilla 2026\t\t\t<\/a>\n\t\t<\/h3>\n\t\t\t\t<div class=\"elementor-post__meta-data\">\n\t\t\t\t\t<span class=\"elementor-post-date\">\n\t\t\tmarzo 17, 2026\t\t<\/span>\n\t\t\t\t<span class=\"elementor-post-avatar\">\n\t\t\tNo hay comentarios\t\t<\/span>\n\t\t\t\t<\/div>\n\t\t\t\t<div class=\"elementor-post__excerpt\">\n\t\t\t<p>Si tienes un negocio en la capital hispalense, sabr\u00e1s que el \u00abboca a boca\u00bb de toda la vida ahora pasa por una pantalla. Pero ya<\/p>\n\t\t<\/div>\n\t\t\n\t\t<a class=\"elementor-post__read-more\" href=\"https:\/\/anagarcian.es\/?p=224\" aria-label=\"Read more about El Futuro del Comercio Local: SEO y Geo en Sevilla 2026\" tabindex=\"-1\" >\n\t\t\tRead More \u00bb\t\t<\/a>\n\n\t\t\t\t<\/div>\n\t\t\t\t<\/article>\n\t\t\t\t<article class=\"elementor-post elementor-grid-item post-206 post type-post status-publish format-standard has-post-thumbnail hentry category-uncategorized\" role=\"listitem\">\n\t\t\t\t<a class=\"elementor-post__thumbnail__link\" href=\"https:\/\/anagarcian.es\/?p=206\" tabindex=\"-1\" >\n\t\t\t<div class=\"elementor-post__thumbnail\"><img decoding=\"async\" width=\"800\" height=\"568\" src=\"https:\/\/anagarcian.es\/wp-content\/uploads\/2026\/03\/marketing-strategy-connting-digital-devices-concept-1024x727.jpg\" class=\"attachment-large size-large wp-image-208\" alt=\"\" srcset=\"https:\/\/anagarcian.es\/wp-content\/uploads\/2026\/03\/marketing-strategy-connting-digital-devices-concept-1024x727.jpg 1024w, https:\/\/anagarcian.es\/wp-content\/uploads\/2026\/03\/marketing-strategy-connting-digital-devices-concept-300x213.jpg 300w, https:\/\/anagarcian.es\/wp-content\/uploads\/2026\/03\/marketing-strategy-connting-digital-devices-concept-768x545.jpg 768w, https:\/\/anagarcian.es\/wp-content\/uploads\/2026\/03\/marketing-strategy-connting-digital-devices-concept-1536x1090.jpg 1536w, https:\/\/anagarcian.es\/wp-content\/uploads\/2026\/03\/marketing-strategy-connting-digital-devices-concept-2048x1454.jpg 2048w\" sizes=\"(max-width: 800px) 100vw, 800px\" \/><\/div>\n\t\t<\/a>\n\t\t\t\t<div class=\"elementor-post__text\">\n\t\t\t\t<h3 class=\"elementor-post__title\">\n\t\t\t<a href=\"https:\/\/anagarcian.es\/?p=206\" >\n\t\t\t\tTendencias de marketing digital que marcar\u00e1n el futuro\t\t\t<\/a>\n\t\t<\/h3>\n\t\t\t\t<div class=\"elementor-post__meta-data\">\n\t\t\t\t\t<span class=\"elementor-post-date\">\n\t\t\tmarzo 17, 2026\t\t<\/span>\n\t\t\t\t<span class=\"elementor-post-avatar\">\n\t\t\tNo hay comentarios\t\t<\/span>\n\t\t\t\t<\/div>\n\t\t\t\t<div class=\"elementor-post__excerpt\">\n\t\t\t<p>Introducci\u00f3n El marketing digital cambia r\u00e1pido, pero no de forma ca\u00f3tica. Hay patrones. El marketing digital se mueve hacia la personalizaci\u00f3n, la automatizaci\u00f3n y la<\/p>\n\t\t<\/div>\n\t\t\n\t\t<a class=\"elementor-post__read-more\" href=\"https:\/\/anagarcian.es\/?p=206\" aria-label=\"Read more about Tendencias de marketing digital que marcar\u00e1n el futuro\" tabindex=\"-1\" >\n\t\t\tRead More \u00bb\t\t<\/a>\n\n\t\t\t\t<\/div>\n\t\t\t\t<\/article>\n\t\t\t\t<article class=\"elementor-post elementor-grid-item post-204 post type-post status-publish format-standard has-post-thumbnail hentry category-uncategorized\" role=\"listitem\">\n\t\t\t\t<a class=\"elementor-post__thumbnail__link\" href=\"https:\/\/anagarcian.es\/?p=204\" tabindex=\"-1\" >\n\t\t\t<div class=\"elementor-post__thumbnail\"><img decoding=\"async\" width=\"800\" height=\"523\" src=\"https:\/\/anagarcian.es\/wp-content\/uploads\/2026\/03\/map-lying-wooden-table-1024x669.jpg\" class=\"attachment-large size-large wp-image-212\" alt=\"\" srcset=\"https:\/\/anagarcian.es\/wp-content\/uploads\/2026\/03\/map-lying-wooden-table-1024x669.jpg 1024w, https:\/\/anagarcian.es\/wp-content\/uploads\/2026\/03\/map-lying-wooden-table-300x196.jpg 300w, https:\/\/anagarcian.es\/wp-content\/uploads\/2026\/03\/map-lying-wooden-table-768x502.jpg 768w, https:\/\/anagarcian.es\/wp-content\/uploads\/2026\/03\/map-lying-wooden-table-1536x1003.jpg 1536w, https:\/\/anagarcian.es\/wp-content\/uploads\/2026\/03\/map-lying-wooden-table-2048x1337.jpg 2048w\" sizes=\"(max-width: 800px) 100vw, 800px\" \/><\/div>\n\t\t<\/a>\n\t\t\t\t<div class=\"elementor-post__text\">\n\t\t\t\t<h3 class=\"elementor-post__title\">\n\t\t\t<a href=\"https:\/\/anagarcian.es\/?p=204\" >\n\t\t\t\tMarketing digital en 2026: estrategias que realmente funcionan\t\t\t<\/a>\n\t\t<\/h3>\n\t\t\t\t<div class=\"elementor-post__meta-data\">\n\t\t\t\t\t<span class=\"elementor-post-date\">\n\t\t\tmarzo 17, 2026\t\t<\/span>\n\t\t\t\t<span class=\"elementor-post-avatar\">\n\t\t\tNo hay comentarios\t\t<\/span>\n\t\t\t\t<\/div>\n\t\t\t\t<div class=\"elementor-post__excerpt\">\n\t\t\t<p>Introducci\u00f3n El marketing digital ya no es simplemente una herramienta, es el n\u00facleo de cualquier estrategia empresarial moderna. Hoy en d\u00eda, el marketing digital define<\/p>\n\t\t<\/div>\n\t\t\n\t\t<a class=\"elementor-post__read-more\" href=\"https:\/\/anagarcian.es\/?p=204\" aria-label=\"Read more about Marketing digital en 2026: estrategias que realmente funcionan\" tabindex=\"-1\" >\n\t\t\tRead More \u00bb\t\t<\/a>\n\n\t\t\t\t<\/div>\n\t\t\t\t<\/article>\n\t\t\t\t<\/div>\n\t\t\n\t\t\t\t\t\t<\/div>\n\t\t\t\t<\/div>\n\t\t\t\t\t<\/div>\n\t\t\t\t<\/div>\n\t\t\t\t<\/div>\n\t\t","protected":false},"excerpt":{"rendered":"","protected":false},"author":1,"featured_media":0,"parent":0,"menu_order":0,"comment_status":"closed","ping_status":"closed","template":"","meta":{"footnotes":""},"class_list":["post-214","page","type-page","status-publish","hentry"],"yoast_head":"<!-- This site is optimized with the Yoast SEO plugin v27.2 - https:\/\/yoast.com\/product\/yoast-seo-wordpress\/ -->\n<title>Blog - Ana Garc\u00eda | Marketing Digital y SEO en Sevilla<\/title>\n<meta name=\"robots\" content=\"index, follow, max-snippet:-1, max-image-preview:large, max-video-preview:-1\" \/>\n<link rel=\"canonical\" href=\"https:\/\/anagarcian.es\/?page_id=214\" \/>\n<meta property=\"og:locale\" content=\"es_ES\" \/>\n<meta property=\"og:type\" content=\"article\" \/>\n<meta property=\"og:title\" content=\"Blog - Ana Garc\u00eda | Marketing Digital y SEO en Sevilla\" \/>\n<meta property=\"og:url\" content=\"https:\/\/anagarcian.es\/?page_id=214\" \/>\n<meta property=\"og:site_name\" content=\"Ana Garc\u00eda | Marketing Digital y SEO en Sevilla\" \/>\n<meta property=\"article:modified_time\" content=\"2026-03-17T17:48:17+00:00\" \/>\n<meta name=\"twitter:card\" content=\"summary_large_image\" \/>\n<meta name=\"twitter:label1\" content=\"Tiempo de lectura\" \/>\n\t<meta name=\"twitter:data1\" content=\"3 minutos\" \/>\n<script type=\"application\/ld+json\" class=\"yoast-schema-graph\">{\"@context\":\"https:\/\/schema.org\",\"@graph\":[{\"@type\":\"WebPage\",\"@id\":\"https:\/\/anagarcian.es\/?page_id=214\",\"url\":\"https:\/\/anagarcian.es\/?page_id=214\",\"name\":\"Blog - Ana Garc\u00eda | Marketing Digital y SEO en Sevilla\",\"isPartOf\":{\"@id\":\"https:\/\/anagarcian.es\/#website\"},\"datePublished\":\"2026-03-17T17:44:27+00:00\",\"dateModified\":\"2026-03-17T17:48:17+00:00\",\"breadcrumb\":{\"@id\":\"https:\/\/anagarcian.es\/?page_id=214#breadcrumb\"},\"inLanguage\":\"es\",\"potentialAction\":[{\"@type\":\"ReadAction\",\"target\":[\"https:\/\/anagarcian.es\/?page_id=214\"]}]},{\"@type\":\"BreadcrumbList\",\"@id\":\"https:\/\/anagarcian.es\/?page_id=214#breadcrumb\",\"itemListElement\":[{\"@type\":\"ListItem\",\"position\":1,\"name\":\"Portada\",\"item\":\"https:\/\/anagarcian.es\/\"},{\"@type\":\"ListItem\",\"position\":2,\"name\":\"Blog\"}]},{\"@type\":\"WebSite\",\"@id\":\"https:\/\/anagarcian.es\/#website\",\"url\":\"https:\/\/anagarcian.es\/\",\"name\":\"Ana Garc\u00eda | Marketing Digital y SEO en Sevilla\",\"description\":\"\",\"potentialAction\":[{\"@type\":\"SearchAction\",\"target\":{\"@type\":\"EntryPoint\",\"urlTemplate\":\"https:\/\/anagarcian.es\/?s={search_term_string}\"},\"query-input\":{\"@type\":\"PropertyValueSpecification\",\"valueRequired\":true,\"valueName\":\"search_term_string\"}}],\"inLanguage\":\"es\"}]}<\/script>\n<!-- \/ Yoast SEO plugin. -->","yoast_head_json":{"title":"Blog - Ana Garc\u00eda | Marketing Digital y SEO en Sevilla","robots":{"index":"index","follow":"follow","max-snippet":"max-snippet:-1","max-image-preview":"max-image-preview:large","max-video-preview":"max-video-preview:-1"},"canonical":"https:\/\/anagarcian.es\/?page_id=214","og_locale":"es_ES","og_type":"article","og_title":"Blog - Ana Garc\u00eda | Marketing Digital y SEO en Sevilla","og_url":"https:\/\/anagarcian.es\/?page_id=214","og_site_name":"Ana Garc\u00eda | Marketing Digital y SEO en Sevilla","article_modified_time":"2026-03-17T17:48:17+00:00","twitter_card":"summary_large_image","twitter_misc":{"Tiempo de lectura":"3 minutos"},"schema":{"@context":"https:\/\/schema.org","@graph":[{"@type":"WebPage","@id":"https:\/\/anagarcian.es\/?page_id=214","url":"https:\/\/anagarcian.es\/?page_id=214","name":"Blog - Ana Garc\u00eda | Marketing Digital y SEO en Sevilla","isPartOf":{"@id":"https:\/\/anagarcian.es\/#website"},"datePublished":"2026-03-17T17:44:27+00:00","dateModified":"2026-03-17T17:48:17+00:00","breadcrumb":{"@id":"https:\/\/anagarcian.es\/?page_id=214#breadcrumb"},"inLanguage":"es","potentialAction":[{"@type":"ReadAction","target":["https:\/\/anagarcian.es\/?page_id=214"]}]},{"@type":"BreadcrumbList","@id":"https:\/\/anagarcian.es\/?page_id=214#breadcrumb","itemListElement":[{"@type":"ListItem","position":1,"name":"Portada","item":"https:\/\/anagarcian.es\/"},{"@type":"ListItem","position":2,"name":"Blog"}]},{"@type":"WebSite","@id":"https:\/\/anagarcian.es\/#website","url":"https:\/\/anagarcian.es\/","name":"Ana Garc\u00eda | Marketing Digital y SEO en Sevilla","description":"","potentialAction":[{"@type":"SearchAction","target":{"@type":"EntryPoint","urlTemplate":"https:\/\/anagarcian.es\/?s={search_term_string}"},"query-input":{"@type":"PropertyValueSpecification","valueRequired":true,"valueName":"search_term_string"}}],"inLanguage":"es"}]}},"_links":{"self":[{"href":"https:\/\/anagarcian.es\/index.php?rest_route=\/wp\/v2\/pages\/214","targetHints":{"allow":["GET"]}}],"collection":[{"href":"https:\/\/anagarcian.es\/index.php?rest_route=\/wp\/v2\/pages"}],"about":[{"href":"https:\/\/anagarcian.es\/index.php?rest_route=\/wp\/v2\/types\/page"}],"author":[{"embeddable":true,"href":"https:\/\/anagarcian.es\/index.php?rest_route=\/wp\/v2\/users\/1"}],"replies":[{"embeddable":true,"href":"https:\/\/anagarcian.es\/index.php?rest_route=%2Fwp%2Fv2%2Fcomments&post=214"}],"version-history":[{"count":7,"href":"https:\/\/anagarcian.es\/index.php?rest_route=\/wp\/v2\/pages\/214\/revisions"}],"predecessor-version":[{"id":221,"href":"https:\/\/anagarcian.es\/index.php?rest_route=\/wp\/v2\/pages\/214\/revisions\/221"}],"wp:attachment":[{"href":"https:\/\/anagarcian.es\/index.php?rest_route=%2Fwp%2Fv2%2Fmedia&parent=214"}],"curies":[{"name":"wp","href":"https:\/\/api.w.org\/{rel}","templated":true}]}}